1
In base 12, what is 8 - -16?
22
In base 4, what is 1 + 2?
3
In base 11, what is -1315 - 4?
-1319
In base 2, what is 1100110 + 100?
1101010
In base 5, what is 0 - 4?
-4
In base 3, what is 0 - -1202?
1202
In base 14, what is -106 + -1?
-107
In base 10, what is -29 - -4?
-25
In base 10, what is -2 + -766?
-768
In base 2, what is 1011 - 1100?
-1
In base 4, what is 1 + 231?
232
In base 3, what is -111101 + -1002?
-112110
In base 3, what is 1110201 - 11?
1110120
In base 6, what is 2 + 1241?
1243
In base 11, what is -6 + 2875?
286a
In base 12, what is 7a8 - 0?
7a8
In base 11, what is 2280 - 2?
2279
In base 3, what is 0 + -201001?
-201001
In base 10, what is 1960 - -6?
1966
In base 3, what is -10 - 202020?
-202100
In base 10, what is -2860 - 5?
-2865
In base 6, what is 5 + -15?
-10
In base 2, what is -100 + -110101010?
-110101110
In base 15, what is -7 - -3e?
37
In base 4, what is 11102 + 2?
11110
In base 13, what is -c7 + 6?
-c1
In base 13, what is 882 - a?
875
In base 4, what is 1 + -1022?
-1021
In base 6, what is -1 + 2124?
2123
In base 7, what is 4 - 5?
-1
In base 14, what is -8 + 63?
59
In base 16, what is -3 + -56?
-59
In base 11, what is 15958 - 4?
15954
In base 9, what is 5 + 2?
7
In base 16, what is cda - 5?
cd5
In base 8, what is -2 - 305?
-307
In base 14, what is 3 + 6b?
70
In base 6, what is 1432 - 4?
1424
In base 4, what is 20 + 201?
221
In base 7, what is 2225 + -13?
2212
In base 15, what is -7a2 - 5?
-7a7
In base 9, what is 4 + 344?
348
In base 7, what is 5 + 211?
216
In base 15, what is -7 - 56?
-5d
In base 10, what is -7 - 126?
-133
In base 16, what is 3 + -10?
-d
In base 15, what is -4 - -70?
6b
In base 2, what is 110100 + 1011?
111111
In base 16, what is 5 + 169?
16e
In base 6, what is -4 + -3?
-11
In base 10, what is -3 - 1229?
-1232
In base 3, what is -22211 - 2?
-22220
In base 10, what is -19 + 294?
275
In base 12, what is -5 - 48?
-51
In base 4, what is 0 + -120122?
-120122
In base 15, what is 4 - -74?
78
In base 14, what is -6 - 466?
-46c
In base 15, what is 8d - -4?
92
In base 16, what is -24 + -6?
-2a
In base 13, what is 365 - 0?
365
In base 4, what is -1020111 - 1?
-1020112
In base 11, what is -31 - 11?
-42
In base 8, what is 14 - -10?
24
In base 6, what is -4 + -11524?
-11532
In base 2, what is -10 + 1001101100110?
1001101100100
In base 12, what is -12 + 50?
3a
In base 9, what is 15 + -345?
-330
In base 12, what is 5 - 1b8?
-1b3
In base 11, what is 998 + -1?
997
In base 7, what is 115 + -1?
114
In base 15, what is -784 - 4?
-788
In base 16, what is -4 - -47?
43
In base 2, what is -1010100 - -1?
-1010011
In base 10, what is 5 + 36?
41
In base 2, what is -100 + -1001001?
-1001101
In base 5, what is -2 - -2024?
2022
In base 4, what is 121 - -23?
210
In base 7, what is 12063 + -2?
12061
In base 13, what is 3 - -c1?
c4
In base 5, what is -234 - 243?
-1032
In base 15, what is 5 - a1b?
-a16
In base 12, what is -4a + -57?
-a5
In base 16, what is -61 + 3?
-5e
In base 8, what is 1322 + 1?
1323
In base 5, what is -10 - 21001?
-21011
In base 2, what is 1110001 + -100?
1101101
In base 14, what is 1 + -10d?
-10c
In base 8, what is 44 - 133?
-67
In base 7, what is 3 + 131?
134
In base 9, what is -5 - 2625?
-2631
In base 8, what is 2 + 1526?
1530
In base 2, what is -11 - -10111100?
10111001
In base 14, what is 229 - -6?
231
In base 14, what is 1 - 25?
-24
In base 7, what is 2063 - -2?
2065
In base 3, what is 0 + -121?
-121
In base 2, what is -100 - -10111110100?
10111110000
In base 6, what is 10 - -10?
20
In base 9, what is 2 - 47?
-45
In base 11, what is 2a + -a?
20
In base 14, what is -22d4 - -2?
-22d2
In base 10, what is -9 + 22?
13
In base 2, what is 1100110000 + -101?
1100101011
In base 9, what is -5 - -4703?
4687
In base 9, what is -2375 - 1?
-2376
In base 7, what is -5 - 15003?
-15011
In base 5, what is 12 - -144?
211
In base 13, what is -751 + -3?
-754
In base 16, what is 6 - -a?
10
In base 2, what is -11 - -1101001011?
1101001000
In base 3, what is -11110 + 102?
-11001
In base 2, what is -1001001 + 0?
-1001001
In base 2, what is 10000010 - -101?
10000111
In base 6, what is -4051 + -5?
-4100
In base 16, what is 83 + 18?
9b
In base 2, what is 10101 - -1000?
11101
In base 15, what is -1b + -2?
-1d
In base 15, what is 26b - -6?
272
In base 4, what is 12112020 - -10?
12112030
In base 7, what is 1 - 1164?
-1163
In base 13, what is 204 + 5?
209
In base 11, what is -4 + 111?
108
In base 5, what is 10230 + -1?
10224
In base 9, what is 33 - -82?
125
In base 13, what is -10 + -7a?
-8a
In base 8, what is -10 - 154?
-164
In base 4, what is 12 - -123?
201
In base 9, what is -3 + 26?
23
In base 4, what is -2 - 3003?
-3011
In base 14, what is -50 + -85?
-d5
In base 14, what is 233 - 2?
231
In base 7, what is 0 - -2016?
2016
In base 13, what is 3 - 303?
-300
In base 4, what is -2 + 121133?
121131
In base 7, what is 0 - -1425?
1425
In base 11, what is 2 + 1074?
1076
In base 3, what is 2 - -211?
220
In base 11, what is 2104 + -5?
20aa
In base 3, what is -1020 + 1101?
11
In base 12, what is 8 + -51?
-45
In base 15, what is -e9a - 5?
-ea0
In base 5, what is 21 - -221?
242
In base 9, what is -446 + 1?
-445
In base 14, what is 6 - 18c?
-186
In base 7, what is 2406 + 5?
2414
In base 6, what is 1040 + 3?
1043
In base 5, what is 24 - 133?
-104
In base 15, what is -bd9 + -3?
-bdc
In base 6, what is 1524 + 4?
1532
In base 5, what is 10 + -1430?
-1420
In base 9, what is 8 - 242?
-233
In base 2, what is -110111110 + -11?
-111000001
In base 4, what is 10 - 331331?
-331321
In base 5, what is 10 + -1104?
-1044
In base 2, what is -100000 + 101011111?
100111111
In base 11, what is 121 - 1?
120
In base 15, what is 3e - 0?
3e
In base 6, what is 11 + 121?
132
In base 8, what is 7 - 1243?
-1234
In base 16, what is 9 + c?
15
In base 5, what is -230 - 1010?
-1240
In base 5, what is 1 - -4320?
4321
In base 15, what is -ac7 - -3?
-ac4
In base 3, what is 102111 + -1111?
101000
In base 6, what is -245 - 2?
-251
In base 9, what is 11 - 365?
-354
In base 7, what is 201 + -5?
163
In base 10, what is -2 - -798?
796
In base 16, what is -3 - 88?
-8b
In base 7, what is 3126 - -3?
3132
In base 7, what is 2 - -340?
342
In base 9, what is 4 - -7781?
7785
In base 12, what is 4 + -30?
-28
In base 6, what is 1425 - 2?
1423
In base 3, what is -120202 + -100?
-121002
In base 9, what is -8 - 27?
-36
In base 3, what is 120 + -102?
11
In base 12, what is -18 - 53?
-6b
In base 2, what is 10001000 - -10100000?
100101000
In base 10, what is 46 - -96?
142
In base 4, what is 101 + -1?
100
In base 13, what is 1 - 1?
0
In base 8, what is -126 - -5?
-121
In base 9, what is -3 - -1660?
1656
In base 7, what is -1 + -121?
-122
In base 5, what is 3 + 22?
30
In base 2, what is 0 + 101111100?
101111100
In base 7, what is 0 - 116?
-116
In base 11, what is -a - -41?
32
In base 8, what is 267 + 6?
275
In base 3, what is 102 + 0?
102
In base 9, what is 4 - 1381?
-1376
In base 16, what is -16 + 11?
-5
In base 8, what is -3 - -27?
24
In base 10, what is -2 + 92?
90
In base 16, what is -166f + 5?
-166a
In base 6, what is 2055 - 4?
2051
In base 7, what is 2 + -633?
-631
In base 3, what is -22 - 121?
-220
In base 6, what is 150 + -145?
1
In base 16, what is 0 + -46?
-46
In base 6, what is -2 - -1534?
1532
In base 8, what is 11 - -12?
23
In base 13, what is 932 - -1a?
94c
In base 15, what is -88 - 12?
-9a
In base 14, what is -8 - -14?
a
In base 3, what is -12201 + -1?
-12202
In base 16, what is 2 - 3d?
-3b
In base 9, what is -123 - 3?
-126
In base 7, what is 325 - -25?
353
In base 10, what is 3 - 2646?
-2643
In base 14, what is -9 + -14d?
-158
In base 16, what is -1 + 6f?
6e
In base 5, what is 4003 - -2?
4010
In base 15, what is -21c5 - -5?
-21c0
In base 14, what is 1 + -c8?
-c7
In base 10, what is 4 - -48?
52
In base 11, what is 2 + -125?
-123
In base 10, what is 17 - 66?
-49
In base 12, what is -1654 - -2?
-1652
In base 13, what is a + -1?
9
In base 5, what is -1 + -1311?
-1312
In base 9, what is 2 - -281?
283
In base 11, what is -a + 4?
-6
In base 7, what is -3 - -353?
350
In base 11, what is 0 + -160?
-160
In base 13, what is 28 + -45b?
-433
In base 9, what is -4 + 135?
131
In base 7, what is -6 - -52?
43
In base 14, what is 3b - 209?
-1ac
In base 15, what is 11cc - -1?
11cd
In base 11, what is -171 + -5?